ppose 7*u - a - 40 = 24, -5*u = 2*a - 62. What is the highest common factor of y and u?
10
Let j(h) = 93*h**2 + 6 - 95*h**2 - 4 + 9*h - 3. Let l be j(4). Let w be ((-33)/(-22))/(l/28). What is the greatest common factor of w and 28?
14
Suppose 7*v + 912 = 303 + 5985. What is the greatest common factor of 1728 and v?
192
Let b = 275 - 187. Suppose -13*q + 269 = -17. Calculate the greatest common divisor of q and b.
22
Suppose -g - 2*f = -28, 0 = -2*f - 7 + 15. Let s(o) = -o**3 + 28*o**2 + 42*o - 37. Let v be s(29). Calculate the highest common factor of g and v.
20
Let u(f) = -8*f**2 - 143*f - 74. Let j be u(-12). What is the greatest common factor of 3038 and j?
98
Let t be (2/5)/((-3)/(-60)). Suppose -3*q = -4*q + t. Calculate the highest common factor of q and 128.
8
Let r be (2/(-2)*-1)/(3/(-48)). Let v be -165 - 1*r/4. Let b = -121 - v. Calculate the greatest common factor of b and 10.
10
Let t be 3/(-1) + (324 - (-30)/(-15)*-1). What is the highest common divisor of 782 and t?
17
Let m be 1/6 + 7/(-42). Let d(z) = -2807*z - 7 + 22 + 2808*z. Let x be d(m). Calculate the greatest common factor of x and 30.
15
Let q = 353731 - 353510. Let p be (34/6)/(-1)*-3. Calculate the highest common factor of p and q.
17
Let u(y) = 78*y - 187. Let q be u(25). Calculate the greatest common divisor of 82 and q.
41
Let k(s) = -596*s + 3584. Let x be k(6). What is the highest common factor of 212 and x?
4
Suppose -20*m + 1 = -19. Suppose -23 = -12*c + m. Calculate the highest common divisor of c and 9.
1
Let a(p) = 1 + 7 + 5*p**2 + 0*p**2 + 2*p - p**3 + 4 + 0. Let b be a(5). What is the greatest common factor of b and 2?
2
Let f = -22050 - -22095. Calculate the greatest common divisor of 6129 and f.
9
Suppose -33*j - 3525 = -36*j. What is the highest common factor of j and 25?
25
Let q = -574 + 589. Let d = 33 - q. Calculate the greatest common divisor of d and 42.
6
Let u = 3435 + -2789. What is the greatest common divisor of u and 76?
38
Suppose -464*k + 1987786 + 4936785 + 514277 = 0. What is the highest common divisor of k and 8?
8
Suppose 51 = 5*v - 209. Suppose -2*k = -3*r - 2*r + 24, -4*k + 18 = r. Let w be (-108)/(-8)*v/r. Calculate the greatest common divisor of 13 and w.
13
Suppose -k = -2*f + 4, 4*k - 17 = -4*f + 3. Let q be -65 + (0 - f) + -1. Let a = -19 - q. What is the greatest common divisor of a and 20?
10
Suppose 5*d - 59 = -0*d - h, 5*h = 5*d - 35. Suppose -d*z = 1 + 43. Let v be z + 2/(-2)*-13. Calculate the greatest common divisor of v and 3.
3
Let g = 148 + -85. Let u = -24904 + 25471. Calculate the greatest common factor of g and u.
63
Suppose -2*w - 2*w - 30 = -3*r, 0 = -4*r + 3*w + 33. Suppose 4*c - 5*m = 422, -2*m - m = -r. Calculate the highest common factor of c and 54.
54
Let a be (-2)/9 + (-6052)/(-18). Suppose 3*k - 2*w = 374, w + 831 - 1085 = -2*k. Calculate the greatest common divisor of a and k.
42
Suppose 0 = -38*l - 122*l - 999 + 7239. What is the highest common divisor of l and 12246?
39
Let p = -9203 + 11403. What is the greatest common factor of 4800 and p?
200
Let h be (((-35)/(-15))/(-7))/(2/(-30)). Suppose -150 = -5*t + 2*t - 3*w, -h*t = 3*w - 246. What is the highest common divisor of 120 and t?
24
Let l = 12 + -12. Suppose l = 3*i + 5*r - 12, 4*i - r - 16 = -0*r. Suppose 5 = 2*q + i*x - 31, x + 31 = 2*q. Calculate the highest common divisor of 4 and q.
4
Let j = 67 + -47. Let x = 326 + -374. Let z be (-2408)/x + (-1)/6. What is the highest common divisor of z and j?
10
Let x = 130 + -130. Suppose x*r + 48 = r. Let k = 5 - -7. What is the greatest common factor of k and r?
12
Suppose -2*h - r - 130 = 72, 2*h + 194 = -3*r. Let f = 279 + h. What is the greatest common divisor of 22 and f?
22
Suppose 4*g - 4*m - 1640 = 0, -3*m - 2440 = -4*g - 805. Let y be 30/4 + 429/286. What is the greatest common divisor of y and g?
9
Let g = 470 + -249. Suppose -g = -18*a + a. Calculate the greatest common factor of 1 and a.
1
Let p be -3*(-10)/(-75) - (-22)/5. Suppose -3*n + 3*g + 312 = -n, 4*n = -p*g + 584. Calculate the highest common factor of 6 and n.
6
Let b(o) = -o**3 + 41*o**2 + 48*o + 198. Let v be b(42). Let z be (50 + 4)/((-12)/(-8)). Calculate the highest common divisor of z and v.
18
Let s(f) = -317*f + 1. Suppose v = -9*p + 12*p + 3, -2*p - 2 = v. Let j be s(p). Calculate the highest common factor of 53 and j.
53
Suppose -x - 375 = -5*w, -3*w = -11*x + 15*x - 225. Suppose -5*g + 92 = -3*c, 4*g - 8*c = -7*c + w. What is the greatest common divisor of g and 3?
1
Let o be (-9)/18 - 502/(-4). Suppose 9*m = 14*m - o. Let h be (-3 - -1 - -1) + 2*m. What is the highest common factor of h and 14?
7
Suppose -112*l - 3*y + 66 = -109*l, -3*l - 2*y + 68 = 0. Calculate the highest common factor of l and 726.
6
Suppose 0 = -12*r + 2559 - 471. Calculate the highest common factor of r and 1972.
58
Suppose 4*i = -5 - 7. Let f be (-1)/i + 300/45. Suppose -8*p + 9 = -f. What is the greatest common divisor of 16 and p?
2
Let j = 112 + -99. Let o be 51/4 - (-5)/20. Let f(r) = -r + 26. Let q be f(o). Calculate the highest common divisor of q and j.
13
Let f(o) = -2*o + 110. Let d be f(7). Calculate the highest common divisor of 5856 and d.
96
Let p(i) = i**2 - i + 21. Let n be p(0). Let d = 207 + -197. Let g be (340/(-50))/((-4)/d) - 3. Calculate the greatest common divisor of g and n.
7
Let f = -4875 - -4947. Let g = 94 + -54. Suppose -p - 4*p + g = 0. What is the highest common divisor of f and p?
8
Let v(i) = 141*i**2 + 66*i + 142. Let c be v(-2). What is the highest common divisor of 1968 and c?
82
Let j be 96/(-10)*(-20)/4. Suppose 0 = -t + 4*g + 180, -70*t - 6*g + 346 = -68*t. Calculate the highest common factor of j and t.
16
Let d(p) = -3 + 19 + 2*p**2 - 13 - 8*p. Let u be d(4). Suppose 3*c + 30 = 3*w, -u*w = c - 31 - 7. What is the highest common divisor of 36 and w?
12
Let f = -2521 + 2719. What is the greatest common factor of f and 99?
99
Let s(c) = c**3 - 6*c**2 + 11*c - 10. Let i be s(4). Let w be (115/10)/((i/8)/1). Suppose w + 14 = 3*z. What is the highest common divisor of 10 and z?
10
Let l = 66 + -61. Suppose 0 = -5*t + 17*p - 13*p + 754, 0 = -5*t - l*p + 790. What is the greatest common divisor of t and 14?
14
Suppose -2*m + 2*v + 23 = -3*v, -5*m = -3*v - 29. Suppose -4*g + 19*q - 17*q = -634, 4*g + m*q - 652 = 0. Calculate the highest common factor of 16 and g.
16
Let i(v) = v**3 + 17*v**2 + 18*v + 38. Let l be i(-16). Let j be 40/l*(37 + 11). What is the greatest common divisor of j and 20?
20
Let n(w) = -w**2 + 4*w + 5. Let j be n(4). Suppose -11 = -j*c + 14. Let p be -2 - ((-3)/9 + 330/(-9)). Calculate the highest common factor of p and c.
5
Let h = -21078 + 21337. Calculate the greatest common divisor of 222 and h.
37
Let c = -3415 + 3714. What is the highest common divisor of c and 92?
23
Let v(u) = u**3 - 88*u**2 - 251*u - 533. Let a be v(97). What is the highest common divisor of a and 7?
7
Suppose 250*o = 696*o - 95444. Calculate the greatest common factor of 41516 and o.
214
Suppose 3*y + 11 + 32 = 4*i, 5*y = 2*i - 25. Let s(l) = -52*l + 363. Let z be s(7). Let h be (47 - 73)/(z/5). What is the highest common divisor of h and i?
10
Suppose 165 - 30 = 3*b. Suppose -240*a = -238*a - 5*z, -2*z + 14 = 2*a. What is the highest common factor of b and a?
5
Suppose -5*n - 1111 = -1106, 5*d - 796 = -4*n. Calculate the greatest common factor of 32 and d.
32
Let m be 19/(1 - (7 - 7)). Suppose 695 = m*u - 255. Suppose 4*g = -g - 5, -g = -4*r + 41. Calculate the greatest common divisor of r and u.
10
Suppose -o = -z - 199, -o = -0*o + 3*z - 207. Let r = o - 25. What is the highest common divisor of 11 and r?
11
Suppose -j = 4*j + 5. Let w(s) be the first derivative of -s**2 + 4*s + 556. Let a be w(j). What is the highest common factor of 24 and a?
6
Let l = -195 - -192. Let q be (l/1)/((-3)/3). Let x be (-3 + (-27)/(-7))*14. Calculate the greatest common divisor of q and x.
3
Let b = -491 + 515. Calculate the greatest common divisor of b and 18.
6
Let h(q) = 18*q**3 + 3*q**2 + 4*q - 2. Let n be h(-2). Let s = 252 + n. Calculate the greatest common factor of 10 and s.
10
Let h = 5 + -1. Let b(y) = -4 - y - h + 8 + 55*y**2. Let x be b(1). Calculate the highest common divisor of x and 81.
27
Let f be ((-512)/24*-9)/(4/(